{"version":"1.0","provider_name":"Municipalidad Provincial de Abancay","provider_url":"https:\/\/muniabancay.gob.pe\/web","author_name":"administrador","author_url":"https:\/\/muniabancay.gob.pe\/web\/author\/administrador\/","title":"Expo Feria Laboral y de Orientaci\u00f3n Vocacional - Municipalidad Provincial de Abancay","type":"rich","width":600,"height":338,"html":"<blockquote class=\"wp-embedded-content\" data-secret=\"XNFaTb3Q4z\"><a href=\"https:\/\/muniabancay.gob.pe\/web\/2025\/08\/29\/expo-feria-laboral-y-de-orientacion-vocacional\/\">Expo Feria Laboral y de Orientaci\u00f3n Vocacional<\/a><\/blockquote><iframe sandbox=\"allow-scripts\" security=\"restricted\" src=\"https:\/\/muniabancay.gob.pe\/web\/2025\/08\/29\/expo-feria-laboral-y-de-orientacion-vocacional\/embed\/#?secret=XNFaTb3Q4z\" width=\"600\" height=\"338\" title=\"\u00abExpo Feria Laboral y de Orientaci\u00f3n Vocacional\u00bb \u2014 Municipalidad Provincial de Abancay\" data-secret=\"XNFaTb3Q4z\" frameborder=\"0\" marginwidth=\"0\" marginheight=\"0\" scrolling=\"no\" class=\"wp-embedded-content\"><\/iframe><script type=\"text\/javascript\">\n\/* <![CDATA[ *\/\n\/*! This file is auto-generated *\/\n!function(d,l){\"use strict\";l.querySelector&&d.addEventListener&&\"undefined\"!=typeof URL&&(d.wp=d.wp||{},d.wp.receiveEmbedMessage||(d.wp.receiveEmbedMessage=function(e){var t=e.data;if((t||t.secret||t.message||t.value)&&!\/[^a-zA-Z0-9]\/.test(t.secret)){for(var s,r,n,a=l.querySelectorAll('iframe[data-secret=\"'+t.secret+'\"]'),o=l.querySelectorAll('blockquote[data-secret=\"'+t.secret+'\"]'),c=new RegExp(\"^https?:$\",\"i\"),i=0;i<o.length;i++)o[i].style.display=\"none\";for(i=0;i<a.length;i++)s=a[i],e.source===s.contentWindow&&(s.removeAttribute(\"style\"),\"height\"===t.message?(1e3<(r=parseInt(t.value,10))?r=1e3:~~r<200&&(r=200),s.height=r):\"link\"===t.message&&(r=new URL(s.getAttribute(\"src\")),n=new URL(t.value),c.test(n.protocol))&&n.host===r.host&&l.activeElement===s&&(d.top.location.href=t.value))}},d.addEventListener(\"message\",d.wp.receiveEmbedMessage,!1),l.addEventListener(\"DOMContentLoaded\",function(){for(var e,t,s=l.querySelectorAll(\"iframe.wp-embedded-content\"),r=0;r<s.length;r++)(t=(e=s[r]).getAttribute(\"data-secret\"))||(t=Math.random().toString(36).substring(2,12),e.src+=\"#?secret=\"+t,e.setAttribute(\"data-secret\",t)),e.contentWindow.postMessage({message:\"ready\",secret:t},\"*\")},!1)))}(window,document);\n\/\/# sourceURL=https:\/\/muniabancay.gob.pe\/web\/wp-includes\/js\/wp-embed.min.js\n\/* ]]> *\/\n<\/script>\n","thumbnail_url":"https:\/\/muniabancay.gob.pe\/web\/wp-content\/uploads\/2025\/08\/540423732_1189920499828558_4455055307075089126_n.jpg","thumbnail_width":2048,"thumbnail_height":1366,"description":"Hoy desde tempranas horas de la ma\u00f1ana se desarroll\u00f3 con \u00e9xito la\u00bb \u00f3 \u00ab, organizada en cooperaci\u00f3n con la Direcci\u00f3n Regional de Trabajo, con m\u00e1s de 100 vacantes de empleo ofrecidas por m\u00e1s de 15 empresas. Agradecemos a todas las instituciones y a los j\u00f3venes por su participaci\u00f3n en este importante evento. &nbsp;"}

Expo Feria Laboral y de Orientación Vocacional - Municipalidad Provincial de Abancay

<blockquote class="wp-embedded-content" data-secret="XNFaTb3Q4z"><a href="https://muniabancay.gob.pe/web/2025/08/29/expo-feria-laboral-y-de-orientacion-vocacional/">Expo Feria Laboral y de Orientación Vocacional</a></blockquote><iframe sandbox="allow-scripts" security="restricted" src="https://muniabancay.gob.pe/web/2025/08/29/expo-feria-laboral-y-de-orientacion-vocacional/embed/#?secret=XNFaTb3Q4z" width="600" height="338" title="«Expo Feria Laboral y de Orientación Vocacional» — Municipalidad Provincial de Abancay" data-secret="XNFaTb3Q4z" frameborder="0" marginwidth="0" marginheight="0" scrolling="no" class="wp-embedded-content"></iframe><script type="text/javascript">
/* <![CDATA[ */
/*! This file is auto-generated */
!function(d,l){"use strict";l.querySelector&&d.addEventListener&&"undefined"!=typeof URL&&(d.wp=d.wp||{},d.wp.receiveEmbedMessage||(d.wp.receiveEmbedMessage=function(e){var t=e.data;if((t||t.secret||t.message||t.value)&&!/[^a-zA-Z0-9]/.test(t.secret)){for(var s,r,n,a=l.querySelectorAll('iframe[data-secret="'+t.secret+'"]'),o=l.querySelectorAll('blockquote[data-secret="'+t.secret+'"]'),c=new RegExp("^https?:$","i"),i=0;i<o.length;i++)o[i].style.display="none";for(i=0;i<a.length;i++)s=a[i],e.source===s.contentWindow&&(s.removeAttribute("style"),"height"===t.message?(1e3<(r=parseInt(t.value,10))?r=1e3:~~r<200&&(r=200),s.height=r):"link"===t.message&&(r=new URL(s.getAttribute("src")),n=new URL(t.value),c.test(n.protocol))&&n.host===r.host&&l.activeElement===s&&(d.top.location.href=t.value))}},d.addEventListener("message",d.wp.receiveEmbedMessage,!1),l.addEventListener("DOMContentLoaded",function(){for(var e,t,s=l.querySelectorAll("iframe.wp-embedded-content"),r=0;r<s.length;r++)(t=(e=s[r]).getAttribute("data-secret"))||(t=Math.random().toString(36).substring(2,12),e.src+="#?secret="+t,e.setAttribute("data-secret",t)),e.contentWindow.postMessage({message:"ready",secret:t},"*")},!1)))}(window,document);
//# sourceURL=https://muniabancay.gob.pe/web/wp-includes/js/wp-embed.min.js
/* ]]> */
</script>

Hoy desde tempranas horas de la mañana se desarrolló con éxito la» ó «, organizada en cooperación con la Dirección Regional de Trabajo, con más de 100 vacantes de empleo ofrecidas por más de 15 empresas. Agradecemos a todas las instituciones y a los jóvenes por su participación en este importante evento. &nbsp;
